{"id":17,"date":"2025-03-12T17:19:48","date_gmt":"2025-03-12T16:19:48","guid":{"rendered":"http:\/\/vzgtipr.cluster100.hosting.ovh.net\/?page_id=17"},"modified":"2025-03-22T16:39:04","modified_gmt":"2025-03-22T15:39:04","slug":"contact","status":"publish","type":"page","link":"https:\/\/www.bnkbtp.fr\/index.php\/contact\/","title":{"rendered":"Contactez BNK BTP \u2013 Votre expert en r\u00e9novation et am\u00e9nagement \u00e0 Paris"},"content":{"rendered":"\n\n\n<p>Vous avez un <strong>projet de r\u00e9novation<\/strong> , d&rsquo; <strong>am\u00e9nagement<\/strong> ou de <strong>transformation d&rsquo;int\u00e9rieur<\/strong> \u00e0 Paris ou en \u00cele-de-France ?<br>Vous recherchez une <strong>entreprise de confiance, tous corps d&rsquo;\u00e9tat, pour des travaux sur mesure<\/strong> ?<\/p>\n\n\n\n<p class=\"has-medium-font-size\">\ud83d\udc49 <strong>Contactez BNK BTP d\u00e8s aujourd&rsquo;hui pour obtenir un devis gratuit, des conseils personnalis\u00e9s et un accompagnement sur mesure.<\/strong><\/p>\n\n\n\n<figure class=\"wp-block-gallery has-nested-images columns-default is-cropped wp-block-gallery-1 is-layout-flex wp-block-gallery-is-layout-flex\">\n<figure class=\"wp-block-image size-large\"><img fetchpriority=\"high\" decoding=\"async\" width=\"720\" height=\"396\" data-id=\"115\" src=\"http:\/\/vzgtipr.cluster100.hosting.ovh.net\/wp-content\/uploads\/2025\/03\/rafraichir-sa-deco-3-1-720x396-1.png\" alt=\"\" class=\"wp-image-115\" srcset=\"https:\/\/www.bnkbtp.fr\/wp-content\/uploads\/2025\/03\/rafraichir-sa-deco-3-1-720x396-1.png 720w, https:\/\/www.bnkbtp.fr\/wp-content\/uploads\/2025\/03\/rafraichir-sa-deco-3-1-720x396-1-300x165.png 300w\" sizes=\"(max-width: 720px) 100vw, 720px\" \/><\/figure>\n<\/figure>\n\n\n\n<h2 class=\"wp-block-heading has-text-align-center has-large-font-size\">\ud83d\udcc5 <strong>Prendre rendez-vous pour discuter de votre projet<\/strong><\/h2>\n\n\n\n<p>Vous souhaitez :<\/p>\n\n\n\n<ul class=\"wp-block-list\">\n<li><strong>Obtenir un devis gratuit et d\u00e9taill\u00e9 ?<\/strong><\/li>\n\n\n\n<li><strong>\u00catre conseill\u00e9 sur la faisabilit\u00e9 de vos travaux ?<\/strong><\/li>\n\n\n\n<li><strong>Parler de votre projet de r\u00e9novation ou d&rsquo;am\u00e9nagement ?<\/strong><\/li>\n<\/ul>\n\n\n\n<hr class=\"wp-block-separator has-alpha-channel-opacity\"\/>\n\n\n\n\n\n<p class=\"has-text-align-center has-medium-font-size\"><strong>BNK BTP \u2013 Entreprise de r\u00e9novation tous corps d&rsquo;\u00e9tat \u00e0 Paris<\/strong><\/p>\n\n\n\n<h2 class=\"wp-block-heading has-text-align-center has-large-font-size\">\ud83d\udcde <strong>Nos coordonn\u00e9es<\/strong><\/h2>\n\n\n\n<p class=\"has-text-align-center has-medium-font-size\">\ud83d\udccd <strong>Adresse :<\/strong> 229 Rue Saint-Honor\u00e9, 75001 Paris<\/p>\n\n\n\n<p class=\"has-text-align-center has-medium-font-size\">\ud83d\udce7 <strong>Courriel :<\/strong> <a>bnkbtp@gmail.com<\/a><\/p>\n\n\n\n<p class=\"has-text-align-center has-medium-font-size\">\ud83d\udcde <strong>T\u00e9l\u00e9phone :<\/strong> 06 51 26 27 25<\/p>\n","protected":false},"excerpt":{"rendered":"<p>Vous avez un projet de r\u00e9novation , d&rsquo; am\u00e9nagement ou de transformation d&rsquo;int\u00e9rieur \u00e0 Paris ou en \u00cele-de-France ?Vous recherchez une entreprise de confiance, tous corps d&rsquo;\u00e9tat, pour des travaux sur mesure ? \ud83d\udc49 Contactez BNK BTP d\u00e8s aujourd&rsquo;hui pour obtenir un devis gratuit, des conseils personnalis\u00e9s et un accompagnement sur mesure. \ud83d\udcc5 Prendre rendez-vous [&hellip;]<\/p>\n","protected":false},"author":1,"featured_media":0,"parent":0,"menu_order":0,"comment_status":"closed","ping_status":"closed","template":"","meta":{"saved_in_kubio":true,"om_disable_all_campaigns":false,"_monsterinsights_skip_tracking":false,"_monsterinsights_sitenote_active":false,"_monsterinsights_sitenote_note":"","_monsterinsights_sitenote_category":0,"_uf_show_specific_survey":0,"_uf_disable_surveys":false,"footnotes":""},"class_list":["post-17","page","type-page","status-publish","hentry"],"aioseo_notices":[],"kubio_ai_page_context":{"short_desc":"","purpose":"general"},"_links":{"self":[{"href":"https:\/\/www.bnkbtp.fr\/index.php\/wp-json\/wp\/v2\/pages\/17","targetHints":{"allow":["GET"]}}],"collection":[{"href":"https:\/\/www.bnkbtp.fr\/index.php\/wp-json\/wp\/v2\/pages"}],"about":[{"href":"https:\/\/www.bnkbtp.fr\/index.php\/wp-json\/wp\/v2\/types\/page"}],"author":[{"embeddable":true,"href":"https:\/\/www.bnkbtp.fr\/index.php\/wp-json\/wp\/v2\/users\/1"}],"replies":[{"embeddable":true,"href":"https:\/\/www.bnkbtp.fr\/index.php\/wp-json\/wp\/v2\/comments?post=17"}],"version-history":[{"count":5,"href":"https:\/\/www.bnkbtp.fr\/index.php\/wp-json\/wp\/v2\/pages\/17\/revisions"}],"predecessor-version":[{"id":252,"href":"https:\/\/www.bnkbtp.fr\/index.php\/wp-json\/wp\/v2\/pages\/17\/revisions\/252"}],"wp:attachment":[{"href":"https:\/\/www.bnkbtp.fr\/index.php\/wp-json\/wp\/v2\/media?parent=17"}],"curies":[{"name":"wp","href":"https:\/\/api.w.org\/{rel}","templated":true}]}}